39.
1
What is the remainder when 39305304 is divided by 139?
135
What is the remainder when 1693353 is divided by 3183?
3180
What is the remainder when 92633 is divided by 45475?
1683
Calculate the remainder when 107080 is divided by 170.
150
Calculate the remainder when 4907481 is divided by 90.
51
Calculate the remainder when 21266333 is divided by 854.
25
What is the remainder when 5431667 is divided by 178?
175
Calculate the remainder when 757972 is divided by 937.
876
What is the remainder when 3262636 is divided by 590?
526
Calculate the remainder when 2108662 is divided by 391.
390
Calculate the remainder when 1013928 is divided by 962.
942
Calculate the remainder when 248496 is divided by 56.
24
Calculate the remainder when 149440 is divided by 3113.
16
Calculate the remainder when 161059 is divided by 7588.
1711
What is the remainder when 118167 is divided by 208?
23
What is the remainder when 40786901 is divided by 3329?
3322
What is the remainder when 310392 is divided by 3936?
3384
What is the remainder when 11821995 is divided by 1842?
39
What is the remainder when 242463104 is divided by 617?
614
What is the remainder when 1228952 is divided by 1228944?
8
What is the remainder when 380303 is divided by 33508?
11715
Calculate the remainder when 51054 is divided by 16829.
567
Calculate the remainder when 29913070 is divided by 5064.
22
Calculate the remainder when 1718016 is divided by 42940.
416
What is the remainder when 698041 is divided by 63366?
1015
Calculate the remainder when 319928 is divided by 205.
128
What is the remainder when 1457179 is divided by 344?
339
What is the remainder when 174806 is divided by 7452?
3410
What is the remainder when 7024919 is divided by 840?
839
Calculate the remainder when 5148446 is divided by 25487.
72
Calculate the remainder when 34404025 is divided by 5734001.
19
What is the remainder when 425837 is divided by 85157?
52
Calculate the remainder when 2189148 is divided by 729685.
93
Calculate the remainder when 36250029 is divided by 1208334.
9
Calculate the remainder when 110040043 is divided by 50.
43
What is the remainder when 1402770 is divided by 562?
18
Calculate the remainder when 610039 is divided by 3789.
10
What is the remainder when 291686 is divided by 97212?
50
Calculate the remainder when 26765474 is divided by 557614.
2
Calculate the remainder when 652075 is divided by 76.
71
Calculate the remainder when 673303 is divided by 405.
193
Calculate the remainder when 14014856 is divided by 74.
70
What is the remainder when 4280212 is divided by 172?
164
What is the remainder when 9499052 is divided by 23?
6
What is the remainder when 3647772 is divided by 101327?
0
What is the remainder when 55520036 is divided by 11104006?
6
Calculate the remainder when 31276104 is divided by 2606339.
36
Calculate the remainder when 3579334 is divided by 955.
949
What is the remainder when 759974 is divided by 759928?
46
Calculate the remainder when 87513889 is divided by 8838.
13
What is the remainder when 134556868 is divided by 431272?
4
Calculate the remainder when 1398245 is divided by 294.
275
Calculate the remainder when 12258731 is divided by 87.
83
Calculate the remainder when 1180489 is divided by 2053.
14
What is the remainder when 5911466 is divided by 12?
2
Calculate the remainder when 22273533 is divided by 182.
9
What is the remainder when 12815267 is divided by 171?
14
What is the remainder when 46293411 is divided by 77?
10
Calculate the remainder when 66117 is divided by 3671.
39
Calculate the remainder when 1537006 is divided by 767975.
1056
What is the remainder when 193951832 is divided by 48487958?
0
What is the remainder when 10615261 is divided by 103?
81
Calculate the remainder when 69019 is divided by 186.
13
What is the remainder when 182831 is divided by 60609?
1004
What is the remainder when 67145746 is divided by 446?
0
What is the remainder when 8292290 is divided by 490?
20
What is the remainder when 177606 is divided by 10298?
2540
What is the remainder when 18028202 is divided by 23?
20
Calculate the remainder when 106129 is divided by 1280.
1169
What is the remainder when 5733 is divided by 52?
13
Calculate the remainder when 599108 is divided by 2405.
263
What is the remainder when 3773805 is divided by 28?
21
What is the remainder when 50038 is divided by 24957?
124
Calculate the remainder when 625503 is divided by 625191.
312
What is the remainder when 3781803 is divided by 8404?
3
Calculate the remainder when 2629250 is divided by 1378.
26
Calculate the remainder when 77241 is divided by 1150.
191
Calculate the remainder when 1437922 is divided by 7773.
7690
Calculate the remainder when 67523 is divided by 32718.
2087
What is the remainder when 18596 is divided by 8925?
746
Calculate the remainder when 277678 is divided by 2797.
775
Calculate the remainder when 145958 is divided by 1543.
916
Calculate the remainder when 57224 is divided by 25.
24
Calculate the remainder when 3039615 is divided by 1467.
1458
Calculate the remainder when 2406231 is divided by 266.
261
What is the remainder when 71876 is divided by 2534?
924
Calculate the remainder when 10166493 is divided by 3092.
3089
What is the remainder when 18262462 is divided by 4565615?
2
What is the remainder when 190768 is divided by 660?
28
Calculate the remainder when 6892056 is divided by 1429.
1418
What is the remainder when 14973072 is divided by 7486522?
28
Calculate the remainder when 966611 is divided by 42.
23
What is the remainder when 153735 is divided by 8359?
3273
Calculate the remainder when 40990 is divided by 871.
53
What is the remainder when 4107668 is divided by 1842?
8
What is the remainder when 4648742 is divided by 1251?
26
Calculate the remainder when 24623 is divided by 1758.
11
Calculate the remainder when 176960 is divided by 538.
496
What is the remainder when 87484488 is divided by 141104?
8
Calculate the remainder when 1469380 is divided by 158.
138
What is the remainder when 6160466 is divided by 308022?
26
What is the remainder when 252763 is divided by 21060?
43
Calculate the remainder when 58531573 is divided by 820.
793
What is the remainder when 4354345 is divided by 286?
281
What is the remainder when 48852002 is divided by 24425985?
32
Calculate the remainder when 1458276 is divided by 1818.
240
Calculate the remainder when 3021368 is divided by 3021364.
4
What is the remainder when 9263414 is divided by 4631706?
2
What is the remainder when 71655 is divided by 3987?
3876
Calculate the remainder when 287580 is divided by 3502.
416
Calculate the remainder when 535395703 is divided by 863.
859
What is the remainder when 1549997 is divided by 2395?
432
Calculate the remainder when 166209 is divided by 166168.
41
What is the remainder when 3034142 is divided by 8669?
8661
What is the remainder when 27113765 is divided by 61?
58
What is the remainder when 188479 is divided by 37111?
2924
What is the remainder when 191156 is divided by 14704?
4
What is the remainder when 79149 is divided by 2315?
439
What is the remainder when 1147989 is divided by 68?
13
Calculate the remainder when 22238 is divided by 926.
14
What is the remainder when 48968209 is divided by 859091?
22
What is the remainder when 4097861 is divided by 38297?
82
What is the remainder when 18153 is divided by 8529?
1095
Calculate the remainder when 556919 is divided by 1752.
1535
What is the remainder when 2636221 is divided by 6005?
26
Calculate the remainder when 10311 is divided by 492.
471
What is the remainder when 19466147 is divided by 30?
17
What is the remainder when 4718344 is divided by 1163?
53
Calculate the remainder when 155617 is divided by 4289.
1213
Calculate the remainder when 301660899 is divided by 58.
57
What is the remainder when 4498119 is divided by 585?
54
What is the remainder when 8437261 is divided by 170?
161
What is the remainder when 5562041 is divided by 20373?
212
What is the remainder when 2941423 is divided by 3830?
3813
What is the remainder when 251184 is divided by 49055?
5909
Calculate the remainder when 316519 is divided by 653.
467
What is the remainder when 9213240 is divided by 362?
340
What is the remainder when 627480098 is divided by 1999?
1994
What is t